{"id":19843,"date":"2014-06-13T11:03:41","date_gmt":"2014-06-13T11:03:41","guid":{"rendered":"http:\/\/demo.select-themes.com\/stockholm9\/?page_id=19843"},"modified":"2015-08-24T09:23:22","modified_gmt":"2015-08-24T09:23:22","slug":"home","status":"publish","type":"page","link":"https:\/\/allhoff.de\/cms\/","title":{"rendered":"Home"},"content":{"rendered":"<p>[vc_row row_type=&#8220;row&#8220; use_row_as_full_screen_section=&#8220;no&#8220; type=&#8220;grid&#8220; in_content_menu=&#8220;&#8220; icon_pack=&#8220;font_awesome&#8220; content_menu_fe_icon=&#8220;arrow_back&#8220; text_align=&#8220;left&#8220; pattern_background=&#8220;&#8220;][vc_column width=&#8220;1\/3&#8243;][vc_single_image image=&#8220;21559&#8243; alignment=&#8220;center&#8220; border_color=&#8220;grey&#8220; img_link_large=&#8220;&#8220; img_link_target=&#8220;_self&#8220; img_size=&#8220;medium&#8220;][\/vc_column][vc_column width=&#8220;1\/3&#8243;][vc_single_image image=&#8220;21558&#8243; alignment=&#8220;center&#8220; border_color=&#8220;grey&#8220; img_link_large=&#8220;&#8220; img_link_target=&#8220;_self&#8220; img_size=&#8220;medium&#8220;][\/vc_column][vc_column width=&#8220;1\/3&#8243;][vc_single_image image=&#8220;21560&#8243; alignment=&#8220;center&#8220; border_color=&#8220;grey&#8220; img_link_large=&#8220;&#8220; img_link_target=&#8220;_self&#8220; img_size=&#8220;medium&#8220;][\/vc_column][\/vc_row][vc_row row_type=&#8220;row&#8220; type=&#8220;grid&#8220; icon_pack=&#8220;font_awesome&#8220; content_menu_fe_icon=&#8220;arrow_back&#8220; text_align=&#8220;center&#8220; background_color=&#8220;#ffffff&#8220; padding_top=&#8220;29&#8243;][vc_column width=&#8220;1\/2&#8243;][vc_single_image image=&#8220;21479&#8243; border_color=&#8220;grey&#8220; img_link_target=&#8220;_blank&#8220; qode_css_animation=&#8220;element_from_fade&#8220; transition_delay=&#8220;0.4&#8243; img_size=&#8220;full&#8220; img_link_large=&#8220;&#8220; link=&#8220;http:\/\/irk-team.com&#8220; alignment=&#8220;center&#8220;][vc_separator type=&#8220;transparent&#8220; position=&#8220;center&#8220; up=&#8220;59&#8243; down=&#8220;0&#8243;][vc_column_text]<\/p>\n<h5 style=\"text-align: center;\">IRK-Team Dr. Allhoff<br \/>\nInstitut f\u00fcr Rhetorik &amp; Kommunikation<\/h5>\n<p>[\/vc_column_text][vc_separator type=&#8220;transparent&#8220; position=&#8220;center&#8220; up=&#8220;26&#8243; down=&#8220;0&#8243;][vc_column_text]<\/p>\n<p style=\"text-align: center;\">Seminare des IRK-Teams Dr. Allhoff sind auf die speziellen Bed\u00fcrfnisse der Teilnehmerinnen und Teilnehmer zugeschnitten und werden f\u00fcr jede einzelne Veranstaltung individuell konzipiert.<\/p>\n<p>[\/vc_column_text][vc_separator type=&#8220;transparent&#8220; position=&#8220;center&#8220; up=&#8220;49&#8243; down=&#8220;0&#8243;]<a href=\"http:\/\/www.irk-team.com\" target=\"_blank\"  class=\"qbutton \" style=\"\">Besuchen Sie uns<\/a>[vc_separator type=&#8220;transparent&#8220; position=&#8220;center&#8220; up=&#8220;70&#8243; down=&#8220;0&#8243;][\/vc_column][vc_column width=&#8220;1\/2&#8243;][vc_single_image border_color=&#8220;grey&#8220; img_link_target=&#8220;_blank&#8220; qode_css_animation=&#8220;element_from_fade&#8220; transition_delay=&#8220;0.2&#8243; img_size=&#8220;full&#8220; img_link_large=&#8220;&#8220; link=&#8220;http:\/\/allhoff.com&#8220; alignment=&#8220;center&#8220; image=&#8220;21570&#8243;][vc_separator type=&#8220;transparent&#8220; position=&#8220;center&#8220; up=&#8220;59&#8243; down=&#8220;0&#8243;][vc_column_text]<\/p>\n<h5 style=\"text-align: center;\">Praxis f\u00fcr Logop\u00e4die &amp; Sprechp\u00e4dagogik<br \/>\nDr. W. Allhoff<\/h5>\n<p>[\/vc_column_text][vc_separator type=&#8220;transparent&#8220; position=&#8220;center&#8220; up=&#8220;26&#8243; down=&#8220;0&#8243;][vc_column_text]<\/p>\n<p class=\"lead linebottom\" style=\"text-align: center;\">Praxis f\u00fcr Logop\u00e4die und Sprechp\u00e4dagogik<br \/>\nTermine nach Vereinbarung, auch Haus- und Klinikbesuche<br \/>\nAlle Kassen<\/p>\n<p>[\/vc_column_text][vc_separator type=&#8220;transparent&#8220; position=&#8220;center&#8220; up=&#8220;49&#8243; down=&#8220;0&#8243;]<a href=\"http:\/\/allhoff.com\" target=\"_blank\"  class=\"qbutton \" style=\"\">Besuchen Sie uns<\/a>[vc_separator type=&#8220;transparent&#8220; position=&#8220;center&#8220; up=&#8220;70&#8243; down=&#8220;0&#8243;][\/vc_column][\/vc_row]<\/p>\n","protected":false},"excerpt":{"rendered":"<p>[vc_row row_type=&#8220;row&#8220; use_row_as_full_screen_section=&#8220;no&#8220; type=&#8220;grid&#8220; in_content_menu=&#8220;&#8220; icon_pack=&#8220;font_awesome&#8220; content_menu_fe_icon=&#8220;arrow_back&#8220; text_align=&#8220;left&#8220; pattern_background=&#8220;&#8220;][vc_column width=&#8220;1\/3&#8243;][vc_single_image image=&#8220;21559&#8243; alignment=&#8220;center&#8220; border_color=&#8220;grey&#8220; img_link_large=&#8220;&#8220; img_link_target=&#8220;_self&#8220; img_size=&#8220;medium&#8220;][\/vc_column][vc_column width=&#8220;1\/3&#8243;][vc_single_image image=&#8220;21558&#8243; alignment=&#8220;center&#8220; border_color=&#8220;grey&#8220;&#8230;<\/p>\n","protected":false},"author":4,"featured_media":0,"parent":0,"menu_order":0,"comment_status":"open","ping_status":"closed","template":"full_width.php","meta":{"footnotes":""},"class_list":["post-19843","page","type-page","status-publish","hentry"],"_links":{"self":[{"href":"https:\/\/allhoff.de\/cms\/wp-json\/wp\/v2\/pages\/19843","targetHints":{"allow":["GET"]}}],"collection":[{"href":"https:\/\/allhoff.de\/cms\/wp-json\/wp\/v2\/pages"}],"about":[{"href":"https:\/\/allhoff.de\/cms\/wp-json\/wp\/v2\/types\/page"}],"author":[{"embeddable":true,"href":"https:\/\/allhoff.de\/cms\/wp-json\/wp\/v2\/users\/4"}],"replies":[{"embeddable":true,"href":"https:\/\/allhoff.de\/cms\/wp-json\/wp\/v2\/comments?post=19843"}],"version-history":[{"count":29,"href":"https:\/\/allhoff.de\/cms\/wp-json\/wp\/v2\/pages\/19843\/revisions"}],"predecessor-version":[{"id":21571,"href":"https:\/\/allhoff.de\/cms\/wp-json\/wp\/v2\/pages\/19843\/revisions\/21571"}],"wp:attachment":[{"href":"https:\/\/allhoff.de\/cms\/wp-json\/wp\/v2\/media?parent=19843"}],"curies":[{"name":"wp","href":"https:\/\/api.w.org\/{rel}","templated":true}]}}